{"id":2,"date":"2019-10-01T14:12:28","date_gmt":"2019-10-01T14:12:28","guid":{"rendered":"http:\/\/sw-themes.com\/porto_dummy\/?page_id=2"},"modified":"2025-06-01T11:19:18","modified_gmt":"2025-06-01T11:19:18","slug":"home","status":"publish","type":"page","link":"https:\/\/nour-alqalam.com\/","title":{"rendered":"Home"},"content":{"rendered":"<div class=\"wpb-content-wrapper\"><p>[vc_row no_padding=\u00a0\u00bbyes\u00a0\u00bb css=\u00a0\u00bb.vc_custom_1748776225416{margin-top: -10px !important;padding-top: 49px !important;background-color: #f1f1ef !important;}\u00a0\u00bb el_class=\u00a0\u00bbhome-slider res-font-size\u00a0\u00bb conditional_render=\u00a0\u00bb%5B%7B%22value_role%22%3A%22administrator%22%7D%5D\u00a0\u00bb css_params=\u00a0\u00bb\u00a0\u00bb][vc_column]<div class=\"porto-carousel owl-carousel has-ccols ccols-xl-1 ccols-lg-1 ccols-md-1 ccols-sm-1 ccols-1 mb-0 intro-banner wpb_custom_c86c2fb53cae9eced42d4b8900a042f3 nav-style-4 show-nav-hover\" data-plugin-options=\"{&quot;themeConfig&quot;:true,&quot;stagePadding&quot;:0,&quot;margin&quot;:0,&quot;autoplay&quot;:false,&quot;mouseDrag&quot;:false,&quot;touchDrag&quot;:false,&quot;autoplayTimeout&quot;:5000,&quot;autoplayHoverPause&quot;:false,&quot;items&quot;:1,&quot;xl&quot;:1,&quot;lg&quot;:1,&quot;md&quot;:1,&quot;sm&quot;:1,&quot;xs&quot;:1,&quot;nav&quot;:&quot;yes&quot;,&quot;dots&quot;:false,&quot;animateIn&quot;:&quot;fadeIn&quot;,&quot;animateOut&quot;:&quot;fadeOut&quot;,&quot;loop&quot;:false,&quot;center&quot;:false,&quot;video&quot;:false,&quot;lazyLoad&quot;:false,&quot;fullscreen&quot;:false}\"><div class=\"porto-ibanner interactive-banner-wrap-07dd21040fa50768c9d370ae74e47015 mb-0\" style=\"background:#e9e8e5;min-height:100vh;\"><img loading=\"lazy\" decoding=\"async\" alt=\"\" width=\"1920\" height=\"960\" class=\"porto-ibanner-img\" src=\"https:\/\/i0.wp.com\/nour-alqalam.com\/wp-content\/uploads\/2025\/06\/LA-TAHZAN-SLIDER-3.jpg?fit=1920%2C960&#038;ssl=1\" srcset=\"https:\/\/i0.wp.com\/nour-alqalam.com\/wp-content\/uploads\/2025\/06\/LA-TAHZAN-SLIDER-3.jpg?w=1920&amp;ssl=1 1920w, https:\/\/i0.wp.com\/nour-alqalam.com\/wp-content\/uploads\/2025\/06\/LA-TAHZAN-SLIDER-3.jpg?resize=1024%2C512&amp;ssl=1 1024w, https:\/\/i0.wp.com\/nour-alqalam.com\/wp-content\/uploads\/2025\/06\/LA-TAHZAN-SLIDER-3.jpg?resize=768%2C384&amp;ssl=1 768w, https:\/\/i0.wp.com\/nour-alqalam.com\/wp-content\/uploads\/2025\/06\/LA-TAHZAN-SLIDER-3.jpg?resize=1536%2C768&amp;ssl=1 1536w, https:\/\/i0.wp.com\/nour-alqalam.com\/wp-content\/uploads\/2025\/06\/LA-TAHZAN-SLIDER-3.jpg?resize=640%2C320&amp;ssl=1 640w, https:\/\/i0.wp.com\/nour-alqalam.com\/wp-content\/uploads\/2025\/06\/LA-TAHZAN-SLIDER-3.jpg?resize=400%2C200&amp;ssl=1 400w, https:\/\/i0.wp.com\/nour-alqalam.com\/wp-content\/uploads\/2025\/06\/LA-TAHZAN-SLIDER-3.jpg?resize=600%2C300&amp;ssl=1 600w\" sizes=\"auto, (max-width: 1140px) 100vw, 1140px\"><div class=\"porto-ibanner-desc no-padding d-flex\"><div class=\"container\"><div class=\"porto-ibanner-container\"><div class=\"porto-ibanner-layer vc_custom_1664674818642 inner-container slide1 wpb_custom_2c5109c031829f9c54153ed0e6239ff6 banner-pos-57ef7464fc7cfe27e7ea8e8102a337ee\">[vc_custom_heading text=\u00a0\u00bb\u0640\u0640\u0640 \u0644\u0627 \u062a\u0640\u0640\u0640\u062d\u0640\u0640\u0640\u0632\u0646 \u0640\u0640\u0640\u00a0\u00bb font_container=\u00a0\u00bbtag:h5|font_size:7em|text_align:center|line_height:1&Prime; use_theme_fonts=\u00a0\u00bbyes\u00a0\u00bb css=\u00a0\u00bb.vc_custom_1748774477634{margin-top: -2px !important;margin-bottom: 16px !important;margin-left: -3px !important;}\u00a0\u00bb letter_spacing=\u00a0\u00bb0px\u00a0\u00bb animation_delay=\u00a0\u00bb500&Prime; el_class=\u00a0\u00bbmb-3&Prime; animation_type=\u00a0\u00bbfadeInUp\u00a0\u00bb css_params=\u00a0\u00bb\u00a0\u00bb][vc_custom_heading text=\u00a0\u00bbNe sois pas triste\u00a0\u00bb font_container=\u00a0\u00bbtag:h2|font_size:4.30em|text_align:center|line_height:1.2&Prime; google_fonts=\u00a0\u00bbfont_family:Handlee%3Aregular|font_style:400%20regular%3A400%3Anormal\u00a0\u00bb font_weight=\u00a0\u00bb700&Prime; letter_spacing=\u00a0\u00bb0.1em\u00a0\u00bb animation_delay=\u00a0\u00bb300&Prime; el_class=\u00a0\u00bbmb-0&Prime; animation_type=\u00a0\u00bbfadeInUp\u00a0\u00bb css_params=\u00a0\u00bb\u00a0\u00bb][vc_custom_heading text=\u00a0\u00bbUnisexe, avec un message arabe porteur d\u2019espoir et de force.\u00a0\u00bb font_container=\u00a0\u00bbtag:h2|font_size:1.71em|text_align:center|color:%23777777|line_height:40px\u00a0\u00bb use_theme_fonts=\u00a0\u00bbyes\u00a0\u00bb css=\u00a0\u00bb.vc_custom_1748775570419{margin-top: 20px !important;}\u00a0\u00bb font_family=\u00a0\u00bbPoppins\u00a0\u00bb animation_delay=\u00a0\u00bb100&Prime; el_class=\u00a0\u00bbls-n-20 mb-3&Prime; animation_type=\u00a0\u00bbfadeInUp\u00a0\u00bb css_params=\u00a0\u00bb\u00a0\u00bb][vc_custom_heading text=\u00a0\u00bbCoton premium pour un confort et un style garantis\u00a0\u00bb font_container=\u00a0\u00bbtag:h2|font_size:1.71em|text_align:center|color:%23777777|line_height:40px\u00a0\u00bb use_theme_fonts=\u00a0\u00bbyes\u00a0\u00bb css=\u00a0\u00bb.vc_custom_1748775556220{margin-top: -20px !important;margin-bottom: 20px !important;}\u00a0\u00bb font_family=\u00a0\u00bbPoppins\u00a0\u00bb animation_delay=\u00a0\u00bb100&Prime; el_class=\u00a0\u00bbls-n-20 mb-3&Prime; animation_type=\u00a0\u00bbfadeInUp\u00a0\u00bb css_params=\u00a0\u00bb\u00a0\u00bb][vc_btn title=\u00a0\u00bbcommandez maintenant\u00a0\u00bb style=\u00a0\u00bb3d\u00a0\u00bb shape=\u00a0\u00bbround\u00a0\u00bb align=\u00a0\u00bbcenter\u00a0\u00bb i_icon_fontawesome=\u00a0\u00bbfas fa-cart-plus\u00a0\u00bb skin=\u00a0\u00bbdark\u00a0\u00bb btn_fs=\u00a0\u00bb1.785em\u00a0\u00bb btn_fw=\u00a0\u00bb700&Prime; btn_ls=\u00a0\u00bb.18px\u00a0\u00bb el_cls=\u00a0\u00bbtext-uppercase\u00a0\u00bb animation_delay=\u00a0\u00bb900&Prime; add_icon=\u00a0\u00bbtrue\u00a0\u00bb el_class=\u00a0\u00bbmb-0&Prime; animation_type=\u00a0\u00bbfadeInUp\u00a0\u00bb link=\u00a0\u00bburl:https%3A%2F%2Fnour-alqalam.com%2Findex.php%2Fproduct%2Ft-shirt-ne-soyez-pas-triste%2F\u00a0\u00bb btn_px=\u00a0\u00bb2.97em\u00a0\u00bb btn_py=\u00a0\u00bb1.06em\u00a0\u00bb css_params=\u00a0\u00bb\u00a0\u00bb]<style>.banner-pos-57ef7464fc7cfe27e7ea8e8102a337ee {left:0%;right: unset;top: 50%;bottom: unset;transform: translateY(-50%);}<\/style><\/div><\/div><\/div><\/div><\/div><\/div><div class=\"widget_sidebar_menu main-sidebar-menu d-none d-lg-block z-index-2  vc_custom_1748776755844  wpb_custom_90649cf0e1710d44edbc25c9bcae86d2\"><div class=\"sidebar-menu-wrap\"><ul id=\"menu-category-menu\" class=\"sidebar-menu\"><li id=\"nav-menu-item-705\" class=\"menu-item menu-item-type-post_type menu-item-object-page menu-item-home  narrow \"><a href=\"https:\/\/nour-alqalam.com\/\">ACCUEIL<\/a><\/li>\n<li id=\"nav-menu-item-720\" class=\"menu-item menu-item-type-custom menu-item-object-custom  narrow \"><a href=\"#\">POLOS<\/a><\/li>\n<li id=\"nav-menu-item-706\" class=\"menu-item menu-item-type-custom menu-item-object-custom  narrow \"><a href=\"https:\/\/nour-alqalam.com\/index.php\/product-category\/t-shirts\/\">T-SHIRTS<\/a><\/li>\n<li id=\"nav-menu-item-1621\" class=\"menu-item menu-item-type-custom menu-item-object-custom  narrow \"><a href=\"https:\/\/nour-alqalam.com\/index.php\/product-category\/t-shirt-manches\/\">T-SHIRT MANCHES<\/a><\/li>\n<li id=\"nav-menu-item-722\" class=\"menu-item menu-item-type-custom menu-item-object-custom  narrow \"><a href=\"https:\/\/nour-alqalam.com\/index.php\/product-category\/sweat-shirts\/\">SWEATS &#038; HOODIES<\/a><\/li>\n<li id=\"nav-menu-item-723\" class=\"menu-item menu-item-type-custom menu-item-object-custom  narrow \"><a href=\"https:\/\/nour-alqalam.com\/index.php\/product-category\/casquettes\/\">CASQUETTES<\/a><\/li>\n<li id=\"nav-menu-item-724\" class=\"menu-item menu-item-type-custom menu-item-object-custom  narrow \"><a href=\"https:\/\/nour-alqalam.com\/index.php\/product-category\/coussins\/\">COUSSINS<\/a><\/li>\n<li id=\"nav-menu-item-721\" class=\"menu-item menu-item-type-custom menu-item-object-custom  narrow \"><a href=\"https:\/\/nour-alqalam.com\/index.php\/product-category\/mugs\/\">MUGS<\/a><\/li>\n<li id=\"nav-menu-item-725\" class=\"menu-item menu-item-type-custom menu-item-object-custom  narrow \"><a href=\"https:\/\/nour-alqalam.com\/index.php\/product-category\/coques\/\">COQUES<\/a><\/li>\n<\/ul><\/div><\/div>[\/vc_column][\/vc_row][vc_row no_padding=\u00a0\u00bbyes\u00a0\u00bb content_placement=\u00a0\u00bbmiddle\u00a0\u00bb animation_delay=\u00a0\u00bb200&Prime; conditional_render=\u00a0\u00bb%5B%7B%22value_role%22%3A%22administrator%22%7D%5D\u00a0\u00bb css=\u00a0\u00bb.vc_custom_1719957434841{margin-bottom: 66px !important;border-top-width: 1px !important;border-left-width: 1px !important;background-color: var(&#8211;porto-light-color) !important;border-left-style: solid !important;border-top-style: solid !important;border-color: #e7e7e7 !important;}\u00a0\u00bb animation_type=\u00a0\u00bbfadeIn\u00a0\u00bb][vc_column width=\u00a0\u00bb1\/3&Prime; css=\u00a0\u00bb.vc_custom_1719957464032{border-right-width: 1px !important;border-bottom-width: 1px !important;background-color: var(&#8211;porto-light-color) !important;border-right-style: solid !important;border-bottom-style: solid !important;border-color: #e7e7e7 !important;}\u00a0\u00bb conditional_render=\u00a0\u00bb%5B%7B%22value_role%22%3A%22administrator%22%7D%5D\u00a0\u00bb offset=\u00a0\u00bbvc_col-md-2 vc_col-xs-6&Prime;][vc_single_image image=\u00a0\u00bb1713&Prime; img_size=\u00a0\u00bb\u00a0\u00bb alignment=\u00a0\u00bbcenter\u00a0\u00bb css=\u00a0\u00bb.vc_custom_1720036240950{padding-top: 25px !important;padding-bottom: 25px !important;}\u00a0\u00bb el_class=\u00a0\u00bbmb-0 lh-1&Prime;][\/vc_column][vc_column width=\u00a0\u00bb1\/3&Prime; css=\u00a0\u00bb.vc_custom_1719957487160{border-right-width: 1px !important;border-bottom-width: 1px !important;background-color: var(&#8211;porto-light-color) !important;border-right-style: solid !important;border-bottom-style: solid !important;border-color: #e7e7e7 !important;}\u00a0\u00bb conditional_render=\u00a0\u00bb%5B%7B%22value_role%22%3A%22administrator%22%7D%5D\u00a0\u00bb offset=\u00a0\u00bbvc_col-md-2 vc_col-xs-6&Prime;][vc_single_image image=\u00a0\u00bb1712&Prime; img_size=\u00a0\u00bb\u00a0\u00bb alignment=\u00a0\u00bbcenter\u00a0\u00bb css=\u00a0\u00bb.vc_custom_1720036216720{padding-top: 32px !important;padding-bottom: 32px !important;}\u00a0\u00bb el_class=\u00a0\u00bbmb-0 lh-1&Prime;][\/vc_column][vc_column width=\u00a0\u00bb1\/3&Prime; css=\u00a0\u00bb.vc_custom_1719957506998{border-right-width: 1px !important;border-bottom-width: 1px !important;background-color: var(&#8211;porto-light-color) !important;border-right-style: solid !important;border-bottom-style: solid !important;border-color: #e7e7e7 !important;}\u00a0\u00bb conditional_render=\u00a0\u00bb%5B%7B%22value_role%22%3A%22administrator%22%7D%5D\u00a0\u00bb offset=\u00a0\u00bbvc_col-md-2 vc_col-xs-6&Prime;][vc_single_image image=\u00a0\u00bb1711&Prime; img_size=\u00a0\u00bb\u00a0\u00bb alignment=\u00a0\u00bbcenter\u00a0\u00bb css=\u00a0\u00bb.vc_custom_1720036192523{padding-top: 38px !important;padding-bottom: 38px !important;}\u00a0\u00bb el_class=\u00a0\u00bbmb-0 lh-1&Prime;][\/vc_column][vc_column width=\u00a0\u00bb1\/3&Prime; css=\u00a0\u00bb.vc_custom_1719957525216{border-right-width: 1px !important;border-bottom-width: 1px !important;background-color: var(&#8211;porto-light-color) !important;border-right-style: solid !important;border-bottom-style: solid !important;border-color: #e7e7e7 !important;}\u00a0\u00bb conditional_render=\u00a0\u00bb%5B%7B%22value_role%22%3A%22administrator%22%7D%5D\u00a0\u00bb offset=\u00a0\u00bbvc_col-md-2 vc_col-xs-6&Prime;][vc_single_image image=\u00a0\u00bb1710&Prime; img_size=\u00a0\u00bb\u00a0\u00bb alignment=\u00a0\u00bbcenter\u00a0\u00bb css=\u00a0\u00bb.vc_custom_1720036165095{padding-top: 30px !important;padding-bottom: 30px !important;}\u00a0\u00bb el_class=\u00a0\u00bbmb-0 lh-1&Prime;][\/vc_column][vc_column width=\u00a0\u00bb1\/3&Prime; css=\u00a0\u00bb.vc_custom_1719957544337{border-right-width: 1px !important;border-bottom-width: 1px !important;background-color: var(&#8211;porto-light-color) !important;border-right-style: solid !important;border-bottom-style: solid !important;border-color: #e7e7e7 !important;}\u00a0\u00bb conditional_render=\u00a0\u00bb%5B%7B%22value_role%22%3A%22administrator%22%7D%5D\u00a0\u00bb offset=\u00a0\u00bbvc_col-md-2 vc_col-xs-6&Prime;][vc_single_image image=\u00a0\u00bb1709&Prime; img_size=\u00a0\u00bb\u00a0\u00bb alignment=\u00a0\u00bbcenter\u00a0\u00bb css=\u00a0\u00bb.vc_custom_1720036139724{padding-top: 26px !important;padding-bottom: 26px !important;}\u00a0\u00bb el_class=\u00a0\u00bbmb-0 lh-1&Prime;][\/vc_column][vc_column width=\u00a0\u00bb1\/3&Prime; css=\u00a0\u00bb.vc_custom_1719957561653{border-right-width: 1px !important;border-bottom-width: 1px !important;background-color: var(&#8211;porto-light-color) !important;border-right-style: solid !important;border-bottom-style: solid !important;border-color: #e7e7e7 !important;}\u00a0\u00bb conditional_render=\u00a0\u00bb%5B%7B%22value_role%22%3A%22administrator%22%7D%5D\u00a0\u00bb offset=\u00a0\u00bbvc_col-md-2 vc_col-xs-6&Prime;][vc_single_image image=\u00a0\u00bb1708&Prime; img_size=\u00a0\u00bb\u00a0\u00bb alignment=\u00a0\u00bbcenter\u00a0\u00bb css=\u00a0\u00bb.vc_custom_1720036111052{padding-top: 26px !important;padding-bottom: 26px !important;}\u00a0\u00bb el_class=\u00a0\u00bbmb-0 lh-1&Prime;][\/vc_column][\/vc_row][vc_row wrap_container=\u00a0\u00bbyes\u00a0\u00bb conditional_render=\u00a0\u00bb%5B%7B%22value_role%22%3A%22administrator%22%7D%5D\u00a0\u00bb][vc_column][vc_custom_heading text=\u00a0\u00bbPRODUITS POPULAIRES\u00a0\u00bb font_container=\u00a0\u00bbtag:h2|font_size:22px|text_align:center\u00a0\u00bb use_theme_fonts=\u00a0\u00bbyes\u00a0\u00bb css=\u00a0\u00bb.vc_custom_1720041344635{margin-top: 57px !important;margin-bottom: 28px !important;}\u00a0\u00bb text_transform=\u00a0\u00bbtext-uppercase\u00a0\u00bb font_weight=\u00a0\u00bb700&Prime; letter_spacing=\u00a0\u00bb-0.55px\u00a0\u00bb show_border=\u00a0\u00bbyes\u00a0\u00bb border_type=\u00a0\u00bbmiddle-border-center\u00a0\u00bb border_size=\u00a0\u00bbcustom\u00a0\u00bb animation_delay=\u00a0\u00bb200&Prime; el_class=\u00a0\u00bbmb-0&Prime; border_color=\u00a0\u00bb#e7e7e7&Prime; border_size_px=\u00a0\u00bb1&Prime; border_spacing=\u00a0\u00bb{\u00ab\u00a0xl\u00ab\u00a0:\u00ab\u00a022\u00ab\u00a0,\u00ab\u00a0unit\u00ab\u00a0:\u00ab\u00a0\u00ab\u00a0,\u00ab\u00a0xs\u00ab\u00a0:\u00ab\u00a0\u00ab\u00a0,\u00ab\u00a0sm\u00ab\u00a0:\u00ab\u00a0\u00ab\u00a0,\u00ab\u00a0md\u00ab\u00a0:\u00ab\u00a0\u00ab\u00a0,\u00ab\u00a0lg\u00ab\u00a0:\u00ab\u00a0\u00ab\u00a0}\u00a0\u00bb animation_type=\u00a0\u00bbfadeInUp\u00a0\u00bb][porto_tb_posts post_type=\u00a0\u00bbproduct\u00a0\u00bb orderby=\u00a0\u00bbdate\u00a0\u00bb order=\u00a0\u00bbDESC\u00a0\u00bb columns=\u00a0\u00bb3&Prime; columns_tablet=\u00a0\u00bb3&Prime; columns_mobile=\u00a0\u00bb1&Prime; image_size=\u00a0\u00bbwoocommerce_thumbnail\u00a0\u00bb builder_id=\u00a0\u00bb500&Prime; count=\u00a0\u00bb3&Prime; el_class=\u00a0\u00bbmb-5&Prime;][\/vc_column][\/vc_row][vc_row wrap_container=\u00a0\u00bbyes\u00a0\u00bb conditional_render=\u00a0\u00bb%5B%7B%22value_role%22%3A%22administrator%22%7D%5D\u00a0\u00bb css=\u00a0\u00bb.vc_custom_1720126624870{background-color: #212529 !important;}\u00a0\u00bb][vc_column][\/vc_column][\/vc_row][vc_row wrap_container=\u00a0\u00bbyes\u00a0\u00bb conditional_render=\u00a0\u00bb%5B%7B%22value_role%22%3A%22administrator%22%7D%5D\u00a0\u00bb][vc_column][vc_custom_heading text=\u00a0\u00bbcoming soon\u00a0\u00bb font_container=\u00a0\u00bbtag:h2|font_size:22px|text_align:center\u00a0\u00bb use_theme_fonts=\u00a0\u00bbyes\u00a0\u00bb css=\u00a0\u00bb.vc_custom_1720004075214{margin-top: 57px !important;margin-bottom: 28px !important;}\u00a0\u00bb text_transform=\u00a0\u00bbtext-uppercase\u00a0\u00bb font_weight=\u00a0\u00bb700&Prime; letter_spacing=\u00a0\u00bb-0.55px\u00a0\u00bb show_border=\u00a0\u00bbyes\u00a0\u00bb border_type=\u00a0\u00bbmiddle-border-center\u00a0\u00bb border_size=\u00a0\u00bbcustom\u00a0\u00bb animation_delay=\u00a0\u00bb200&Prime; el_class=\u00a0\u00bbmb-0&Prime; border_color=\u00a0\u00bb#e7e7e7&Prime; border_size_px=\u00a0\u00bb1&Prime; border_spacing=\u00a0\u00bb{\u00ab\u00a0xl\u00ab\u00a0:\u00ab\u00a022\u00ab\u00a0,\u00ab\u00a0unit\u00ab\u00a0:\u00ab\u00a0\u00ab\u00a0,\u00ab\u00a0xs\u00ab\u00a0:\u00ab\u00a0\u00ab\u00a0,\u00ab\u00a0sm\u00ab\u00a0:\u00ab\u00a0\u00ab\u00a0,\u00ab\u00a0md\u00ab\u00a0:\u00ab\u00a0\u00ab\u00a0,\u00ab\u00a0lg\u00ab\u00a0:\u00ab\u00a0\u00ab\u00a0}\u00a0\u00bb animation_type=\u00a0\u00bbfadeInUp\u00a0\u00bb][porto_tb_posts post_type=\u00a0\u00bbproduct\u00a0\u00bb orderby=\u00a0\u00bbdate\u00a0\u00bb order=\u00a0\u00bbASC\u00a0\u00bb columns_tablet=\u00a0\u00bb3&Prime; columns_mobile=\u00a0\u00bb2&Prime; image_size=\u00a0\u00bbwoocommerce_thumbnail\u00a0\u00bb builder_id=\u00a0\u00bb500&Prime; count=\u00a0\u00bb8&Prime; el_class=\u00a0\u00bbmb-5&Prime;][\/vc_column][\/vc_row][vc_row wrap_container=\u00a0\u00bbyes\u00a0\u00bb conditional_render=\u00a0\u00bb%5B%7B%22value_role%22%3A%22administrator%22%7D%5D\u00a0\u00bb css=\u00a0\u00bb.vc_custom_1720126624870{background-color: #212529 !important;}\u00a0\u00bb][vc_column][\/vc_column][\/vc_row][vc_row wrap_container=\u00a0\u00bbyes\u00a0\u00bb conditional_render=\u00a0\u00bb%5B%7B%22value_role%22%3A%22administrator%22%7D%5D\u00a0\u00bb css=\u00a0\u00bb.vc_custom_1714822282189{background-color: #ffffff !important;}\u00a0\u00bb][vc_column][vc_custom_heading text=\u00a0\u00bb\u00c0 propos de nous\u00a0\u00bb font_container=\u00a0\u00bbtag:h2|font_size:22px|text_align:center\u00a0\u00bb use_theme_fonts=\u00a0\u00bbyes\u00a0\u00bb css=\u00a0\u00bb.vc_custom_1714824041427{margin-top: 57px !important;margin-bottom: 28px !important;}\u00a0\u00bb text_transform=\u00a0\u00bbtext-uppercase\u00a0\u00bb font_weight=\u00a0\u00bb700&Prime; letter_spacing=\u00a0\u00bb-0.55px\u00a0\u00bb show_border=\u00a0\u00bbyes\u00a0\u00bb border_type=\u00a0\u00bbmiddle-border-center\u00a0\u00bb border_size=\u00a0\u00bbcustom\u00a0\u00bb animation_delay=\u00a0\u00bb200&Prime; el_class=\u00a0\u00bbmb-0&Prime; border_color=\u00a0\u00bb#e7e7e7&Prime; border_size_px=\u00a0\u00bb1&Prime; border_spacing=\u00a0\u00bb{\u00ab\u00a0xl\u00ab\u00a0:\u00ab\u00a022\u00ab\u00a0,\u00ab\u00a0unit\u00ab\u00a0:\u00ab\u00a0\u00ab\u00a0,\u00ab\u00a0xs\u00ab\u00a0:\u00ab\u00a0\u00ab\u00a0,\u00ab\u00a0sm\u00ab\u00a0:\u00ab\u00a0\u00ab\u00a0,\u00ab\u00a0md\u00ab\u00a0:\u00ab\u00a0\u00ab\u00a0,\u00ab\u00a0lg\u00ab\u00a0:\u00ab\u00a0\u00ab\u00a0}\u00a0\u00bb animation_type=\u00a0\u00bbfadeInUp\u00a0\u00bb][\/vc_column][\/vc_row][vc_row wrap_container=\u00a0\u00bbyes\u00a0\u00bb conditional_render=\u00a0\u00bb%5B%7B%22value_role%22%3A%22administrator%22%7D%5D\u00a0\u00bb css=\u00a0\u00bb.vc_custom_1714824689227{margin-top: -20px !important;background-color: #ffffff !important;}\u00a0\u00bb][vc_column width=\u00a0\u00bb1\/4&Prime;][vc_single_image image=\u00a0\u00bb1660&Prime; img_size=\u00a0\u00bb250&#215;374&Prime; alignment=\u00a0\u00bbcenter\u00a0\u00bb css=\u00a0\u00bb.vc_custom_1720042240146{margin-top: 30px !important;margin-bottom: 30px !important;}\u00a0\u00bb][\/vc_column][vc_column width=\u00a0\u00bb3\/4&Prime;][vc_custom_heading text=\u00a0\u00bbNOUR AL QALAM\u00a0\u00bb font_container=\u00a0\u00bbtag:h1|text_align:left|color:%23636363&Prime; use_theme_fonts=\u00a0\u00bbyes\u00a0\u00bb css=\u00a0\u00bb.vc_custom_1714824956433{margin-top: 20px !important;}\u00a0\u00bb text_transform=\u00a0\u00bbtext-uppercase\u00a0\u00bb font_weight=\u00a0\u00bb100&Prime;][vc_column_text css=\u00a0\u00bb.vc_custom_1714824848377{margin-top: 20px !important;}\u00a0\u00bb]<strong>Notre Histoire<\/strong><br \/>\nFond\u00e9 par Noureddine Erradi, Nour-Alqalam est le fruit d&rsquo;une vie d\u00e9di\u00e9e \u00e0 l&rsquo;\u00e9ducation, \u00e0 la communication interculturelle et \u00e0 la cr\u00e9ation artistique. Originaire du Maroc et ayant pass\u00e9 plus de trois d\u00e9cennies en Europe, Noureddine a combin\u00e9 son expertise en psychologie et en litt\u00e9rature avec son amour profond pour la calligraphie arabe pour lancer Nour-Alqalam. Inspir\u00e9 par les proverbes arabes riches en enseignements et par la beaut\u00e9 de l&rsquo;\u00e9criture arabe, il a cr\u00e9\u00e9 une ligne de v\u00eatements qui c\u00e9l\u00e8bre ces \u00e9l\u00e9ments culturels essentiels.<\/p>\n<p><strong>Notre Mission<\/strong><br \/>\nChez Nour-Alqalam, notre mission est de promouvoir la beaut\u00e9 et la richesse des proverbes arabes et de la calligraphie arabe. Nous nous engageons \u00e0 revitaliser et partager notre h\u00e9ritage culturel avec les communaut\u00e9s arabes et europ\u00e9ennes, en insufflant un nouveau souffle dans l&rsquo;art traditionnel \u00e0 travers des v\u00eatements modernes et \u00e9l\u00e9gants.[\/vc_column_text][\/vc_column][\/vc_row][vc_row full_width=\u00a0\u00bbstretch_row\u00a0\u00bb gap=\u00a0\u00bb1&Prime; conditional_render=\u00a0\u00bb%5B%7B%22value_role%22%3A%22administrator%22%7D%5D\u00a0\u00bb animation_type=\u00a0\u00bbfadeIn\u00a0\u00bb css=\u00a0\u00bb.vc_custom_1720042900519{margin-bottom: -21px !important;}\u00a0\u00bb][vc_column]<div class=\"porto-gallery has-ccols ccols-1 ccols-sm-2 ccols-md-3 ccols-lg-4 ccols-xl-8 wpb_custom_107d780853b20006e0c71f1d3cd2d244 porto-carousel owl-carousel align-items-center porto-ig-fadein\" data-plugin-options=\"{&quot;autoplay&quot;:true,&quot;autoplayHoverPause&quot;:true,&quot;loop&quot;:true,&quot;autoplayTimeout&quot;:5000,&quot;items&quot;:8,&quot;xl&quot;:8,&quot;lg&quot;:4,&quot;md&quot;:3,&quot;sm&quot;:2,&quot;xs&quot;:1,&quot;nav&quot;:&quot;&quot;,&quot;dots&quot;:false}\"><figure><img loading=\"lazy\" decoding=\"async\" width=\"250\" height=\"350\" src=\"https:\/\/i0.wp.com\/nour-alqalam.com\/wp-content\/uploads\/2024\/05\/1-1.jpg?fit=250%2C350&amp;ssl=1\" class=\"attachment-full size-full\" alt=\"\" \/><\/figure><figure><img loading=\"lazy\" decoding=\"async\" width=\"250\" height=\"350\" src=\"https:\/\/i0.wp.com\/nour-alqalam.com\/wp-content\/uploads\/2024\/05\/2-1.jpg?fit=250%2C350&amp;ssl=1\" class=\"attachment-full size-full\" alt=\"\" \/><\/figure><figure><img loading=\"lazy\" decoding=\"async\" width=\"250\" height=\"350\" src=\"https:\/\/i0.wp.com\/nour-alqalam.com\/wp-content\/uploads\/2024\/05\/3-1.jpg?fit=250%2C350&amp;ssl=1\" class=\"attachment-full size-full\" alt=\"\" \/><\/figure><figure><img loading=\"lazy\" decoding=\"async\" width=\"250\" height=\"350\" src=\"https:\/\/i0.wp.com\/nour-alqalam.com\/wp-content\/uploads\/2024\/05\/4-1.jpg?fit=250%2C350&amp;ssl=1\" class=\"attachment-full size-full\" alt=\"\" \/><\/figure><figure><img loading=\"lazy\" decoding=\"async\" width=\"250\" height=\"350\" src=\"https:\/\/i0.wp.com\/nour-alqalam.com\/wp-content\/uploads\/2024\/05\/5-1.jpg?fit=250%2C350&amp;ssl=1\" class=\"attachment-full size-full\" alt=\"\" \/><\/figure><figure><img loading=\"lazy\" decoding=\"async\" width=\"250\" height=\"350\" src=\"https:\/\/i0.wp.com\/nour-alqalam.com\/wp-content\/uploads\/2024\/05\/6-1.jpg?fit=250%2C350&amp;ssl=1\" class=\"attachment-full size-full\" alt=\"\" \/><\/figure><figure><img loading=\"lazy\" decoding=\"async\" width=\"250\" height=\"350\" src=\"https:\/\/i0.wp.com\/nour-alqalam.com\/wp-content\/uploads\/2024\/05\/7.jpg?fit=250%2C350&amp;ssl=1\" class=\"attachment-full size-full\" alt=\"\" \/><\/figure><figure><img loading=\"lazy\" decoding=\"async\" width=\"250\" height=\"350\" src=\"https:\/\/i0.wp.com\/nour-alqalam.com\/wp-content\/uploads\/2024\/05\/8.jpg?fit=250%2C350&amp;ssl=1\" class=\"attachment-full size-full\" alt=\"\" \/><\/figure><figure><img loading=\"lazy\" decoding=\"async\" width=\"250\" height=\"350\" src=\"https:\/\/i0.wp.com\/nour-alqalam.com\/wp-content\/uploads\/2024\/05\/9.jpg?fit=250%2C350&amp;ssl=1\" class=\"attachment-full size-full\" alt=\"\" \/><\/figure><figure><img loading=\"lazy\" decoding=\"async\" width=\"250\" height=\"350\" src=\"https:\/\/i0.wp.com\/nour-alqalam.com\/wp-content\/uploads\/2024\/05\/10.jpg?fit=250%2C350&amp;ssl=1\" class=\"attachment-full size-full\" alt=\"\" \/><\/figure><\/div>[\/vc_column][\/vc_row]<\/p>\n<\/div>","protected":false},"excerpt":{"rendered":"<p>[vc_row no_padding=\u00a0\u00bbyes\u00a0\u00bb css=\u00a0\u00bb.vc_custom_1748776225416{margin-top: -10px !important;padding-top: 49px !important;background-color: #f1f1ef !important;}\u00a0\u00bb el_class=\u00a0\u00bbhome-slider res-font-size\u00a0\u00bb conditional_render=\u00a0\u00bb%5B%7B%22value_role%22%3A%22administrator%22%7D%5D\u00a0\u00bb css_params=\u00a0\u00bb\u00a0\u00bb][vc_column][\/vc_column][\/vc_row][vc_row no_padding=\u00a0\u00bbyes\u00a0\u00bb content_placement=\u00a0\u00bbmiddle\u00a0\u00bb animation_delay=\u00a0\u00bb200&Prime; conditional_render=\u00a0\u00bb%5B%7B%22value_role%22%3A%22administrator%22%7D%5D\u00a0\u00bb css=\u00a0\u00bb.vc_custom_1719957434841{margin-bottom: 66px !important;border-top-width: 1px !important;border-left-width: 1px !important;background-color: var(&#8211;porto-light-color) !important;border-left-style: solid !important;border-top-style: solid !important;border-color: #e7e7e7 !important;}\u00a0\u00bb animation_type=\u00a0\u00bbfadeIn\u00a0\u00bb][vc_column width=\u00a0\u00bb1\/3&Prime; css=\u00a0\u00bb.vc_custom_1719957464032{border-right-width: 1px !important;border-bottom-width: 1px !important;background-color: var(&#8211;porto-light-color) !important;border-right-style: solid !important;border-bottom-style: solid !important;border-color: #e7e7e7 !important;}\u00a0\u00bb conditional_render=\u00a0\u00bb%5B%7B%22value_role%22%3A%22administrator%22%7D%5D\u00a0\u00bb offset=\u00a0\u00bbvc_col-md-2 vc_col-xs-6&Prime;][vc_single_image image=\u00a0\u00bb1713&Prime; img_size=\u00a0\u00bb\u00a0\u00bb alignment=\u00a0\u00bbcenter\u00a0\u00bb css=\u00a0\u00bb.vc_custom_1720036240950{padding-top: 25px [&hellip;]<\/p>\n","protected":false},"author":2,"featured_media":0,"parent":0,"menu_order":0,"comment_status":"closed","ping_status":"closed","template":"","meta":{"footnotes":""},"class_list":["post-2","page","type-page","status-publish","hentry"],"jetpack_sharing_enabled":true,"_links":{"self":[{"href":"https:\/\/nour-alqalam.com\/index.php\/wp-json\/wp\/v2\/pages\/2","targetHints":{"allow":["GET"]}}],"collection":[{"href":"https:\/\/nour-alqalam.com\/index.php\/wp-json\/wp\/v2\/pages"}],"about":[{"href":"https:\/\/nour-alqalam.com\/index.php\/wp-json\/wp\/v2\/types\/page"}],"author":[{"embeddable":true,"href":"https:\/\/nour-alqalam.com\/index.php\/wp-json\/wp\/v2\/users\/2"}],"replies":[{"embeddable":true,"href":"https:\/\/nour-alqalam.com\/index.php\/wp-json\/wp\/v2\/comments?post=2"}],"version-history":[{"count":110,"href":"https:\/\/nour-alqalam.com\/index.php\/wp-json\/wp\/v2\/pages\/2\/revisions"}],"predecessor-version":[{"id":1894,"href":"https:\/\/nour-alqalam.com\/index.php\/wp-json\/wp\/v2\/pages\/2\/revisions\/1894"}],"wp:attachment":[{"href":"https:\/\/nour-alqalam.com\/index.php\/wp-json\/wp\/v2\/media?parent=2"}],"curies":[{"name":"wp","href":"https:\/\/api.w.org\/{rel}","templated":true}]}}